547083 (base 15) to base 16.
-3d6353
What is -78c11 (base 14) in base 15?
-5bd3b
Convert a528b8 (base 12) to base 10.
2596748
-22315335 (base 6) to base 7
-5525435
What is -2712b (base 12) in base 6?
-1052455
What is -21042 (base 11) in base 10?
-30659
8168600 (base 10) to base 4
133022102120
What is 354806 (base 12) in base 13?
24084c
-222000103 (base 4) to base 12
-83697
Convert -1212414 (base 6) to base 4.
-33221122
Convert 29028 (base 10) to base 2.
111000101100100
-3327535 (base 9) to base 11
-1012a53
-1706715 (base 8) to base 16
-78dcd
What is 444632 (base 8) in base 16?
2499a
What is a6235 (base 12) in base 15?
44922
What is 118c7c (base 13) in base 10?
419561
What is -8d47ca (base 16) in base 3?
-122102101220020
Convert -35c66 (base 13) to base 8.
-300734
What is -1002477 (base 11) in base 3?
-10100011120000
What is -505540 (base 6) in base 2?
-1001110011100100
Convert -14421323 (base 5) to base 12.
-75564
357515 (base 9) to base 6
4341322
Convert -708838 (base 9) to base 16.
-66812
42034203 (base 7) to base 6
203500150
Convert -6452362 (base 7) to base 9.
-1427167
Convert -1704051 (base 8) to base 4.
-1320200221
Convert -ec6da (base 15) to base 13.
-203983
Convert -221103312 (base 4) to base 13.
-5c02b
Convert -867160 (base 10) to base 6.
-30330344
Convert -12021121012 (base 3) to base 10.
-103955
-30040102 (base 5) to base 15
-4a2d7
36b4b (base 13) to base 9
163225
What is -102385 (base 10) in base 5?
-11234020
-255134152 (base 6) to base 8
-23056764
What is -174f1 (base 16) in base 10?
-95473
What is 31c8 (base 15) in base 13?
4a48
What is -24230163 (base 8) in base 2?
-10100010011000001110011
What is 3031643 (base 7) in base 11?
2270a7
Convert -311001 (base 8) to base 10.
-102913
-1247578 (base 10) to base 13
-348b17
What is -31130131 (base 6) in base 13?
-255a90
What is 1052c3 (base 14) in base 6?
15500015
What is -372787a (base 11) in base 14?
-c0a1c2
Convert 21020021210 (base 3) to base 7.
1132026
Convert -46a53 (base 13) to base 11.
-89070
What is 13103100130 (base 4) in base 7?
22160560
1140003555 (base 6) to base 16
c4805f
52504105 (base 6) to base 9
2785515
33212 (base 14) to base 3
20021221110
What is 10022021201 (base 3) in base 15?
14444
What is 234225 (base 11) in base 15?
75198
4318145 (base 9) to base 12
937b42
Convert -9b873 (base 12) to base 10.
-206871
What is -34461 (base 9) in base 11?
-1629a
What is -2822181 (base 9) in base 6?
-53115544
-50993 (base 16) to base 12
-13b06b
Convert 50562 (base 13) to base 14.
3a546
What is 24ebe3 (base 15) in base 11?
aaa7a1
253cac (base 13) to base 16
da4c8
What is -11101110110101101 (base 2) in base 11?
-83969
Convert 61342 (base 8) to base 5.
1302224
What is 408880 (base 9) in base 16?
3b43c
Convert 9b62 (base 15) to base 3.
1200012002
What is -1341143 (base 9) in base 10?
-735681
Convert -28a919 (base 14) to base 8.
-5306153
What is -1060656 (base 7) in base 5?
-13214030
Convert -5505 (base 8) to base 16.
-b45
What is -10212121112 (base 5) in base 14?
-15b71a6
Convert -776337 (base 9) to base 2.
-1110001010000110001
What is -293a2 (base 11) in base 14?
-112d2
Convert -75226 (base 11) to base 13.
-3aa54
Convert -2321122320 (base 4) to base 7.
-6312141
What is -10213411 (base 5) in base 10?
-85481
What is -4199b2 (base 12) in base 6?
-34050342
-4414115 (base 8) to base 12
-492325
Convert 1101001000000000 (base 2) to base 9.
81663
What is 16b85b9 (base 14) in base 4?
222232321213
Convert -1000010000111001100 (base 2) to base 3.
-111202110111
Convert b06201 (base 13) to base 6.
223455012
Convert -5075d7 (base 15) to base 8.
-16450403
Convert -172b71 (base 14) to base 16.
-c6d8f
What is -11011100000001111011011 (base 2) in base 9?
-14508162
What is -4202244 (base 6) in base 7?
-1502662
What is -2660030 (base 8) in base 6?
-23551212
32442340 (base 5) to base 15
583b5
Convert 222751 (base 13) to base 16.
c49e7
Convert 17adc9 (base 15) to base 3.
2011110100100
Convert b365a (base 15) to base 12.
234b57
What is 38a33c (base 14) in base 7?
22364605
Convert -16303300 (base 7) to base 3.
-2222022202211
Convert 11010001010110010000 (base 2) to base 16.
d1590
What is -4412300421 (base 5) in base 2?
-100100001101110101100101
Convert 2335203 (base 6) to base 11.
83471
Convert -da76db (base 15) to base 11.
-5966181
What is b0a (base 12) in base 14?
81c
Convert -22402434 (base 7) to base 4.
-13130030313
-151147 (base 14) to base 8
-2627353
456657 (base 8) to base 16
25daf
Convert -2d6a5d (base 14) to base 6.
-54053335
What is 120110112123 (base 4) in base 16?
61459b
What is 403101 (base 8) in base 7?
1061542
Convert 299299 (base 11) to base 3.
212200111200
What is -1521132 (base 6) in base 13?
-31310
203231110 (base 4) to base 5
14140020
-6596a (base 12) to base 4
-200310202
What is 17373455 (base 8) in base 10?
4060973
What is -3544a (base 15) in base 4?
-221123320
-232203012 (base 4) to base 8
-564306
What is -2aa92 (base 11) in base 14?
-11ddd
Convert 170b11 (base 12) to base 2.
1100000100100111101
10100001000100001100 (base 2) to base 3
1020111222020
-24a653 (base 11) to base 12
-170548
Convert 49e7c (base 16) to base 3.
120101020201
What is 10750b (base 12) in base 4?
333320123
Convert 1112203201 (base 4) to base 6.
11333201
-2021101002111 (base 3) to base 10
-1208020
-42d0d (base 16) to base 2
-1000010110100001101
Convert -2316023 (base 7) to base 10.
-290195
Convert -155a87 (base 11) to base 6.
-5105212
Convert 2201010110121 (base 3) to base 5.
332030021
-21a9d8 (base 16) to base 2
-1000011010100111011000
Convert 22f13 (base 16) to base 13.
501b6
What is 1425402 (base 13) in base 2?
11000010101110011011110
-586970 (base 11) to base 2
-11100011011011001111
Convert 110302202101 (base 4) to base 5.
2343343443
What is 1100111010010000101111 (base 2) in base 4?
30322100233
What is -10056461 (base 8) in base 11?
-1219600
What is -5483999 (base 10) in base 4?
-110322313133
What is -6218138 (base 10) in base 14?
-b7c12a
What is -234400 (base 7) in base 13?
-163a5
Convert -1111428 (base 12) to base 15.
-445478
Convert 103234204 (base 5) to base 7.
3535546
600826 (base 10) to base 12
24b84a
What is 240610 (base 9) in base 15?
2cdac
Convert -14695a (base 16) to base 13.
-37ab43
Convert -22000201 (base 4) to base 12.
-1b881
Convert 60012553 (base 7) to base 4.
102313023310
Convert a1587 (base 14) to base 6.
12152151
What is -328314 (base 9) in base 11?
-124587
Convert 2220002102 (base 3) to base 6.
1115315
Convert 2454205 (base 6) to base 16.
202fd
2404341203 (base 5) to base 2
10101001001010110000111
13155b (base 14) to base 10
656877
What is -3164102 (base 7) in base 10?
-385583
Convert -418162 (base 9) to base 4.
-330232112
Convert 2dc25 (base 16) to base 7.
1410304
26466011 (base 8) to base 15
7c0c4c
What is -21303021303 (base 4) in base 10?
-2568819
What is -2296aa (base 11) in base 4?
-1120322301
Convert 93d9c (base 15) to base 12.
1a7386
-397399 (base 15) to base 13
-75758a
Convert 4523014 (base 6) to base 14.
5d518
Convert -102420301 (base 5) to base 9.
-733602
Convert 12b023 (base 16) to base 5.
303142424
-6a8c3d (base 15) to base 5
-2300423013
-1458423 (base 9) to base 12
-32a963
Convert 41632148 (base 9) to base 5.
20112221002
-20bb85 (base 13) to base 16
-bbad1
Convert 164860 (base 9) to base 2.
11000111010010001
6624330 (base 7) to base 2
11000110100000010110
What is 1904 (base 11) in base 3?
10022210
350320 (base 9) to base 6
4301113
Convert 20022201200 (base 3) to base 11.
85567
What is -4355201 (base 7) in base 2?
-10000010100100110100
What is 146663 (base 7) in base 8?
70210
Convert 7268867 (base 10) to base 5.
3330100432
Convert 38615 (base 16) to base 11.
14855a
What is -12010200022 (base 3) in base 7?
-600512
Convert -20a6ac (base 16) to base 7.
-24121354
15d813 (base 14) to base 4
2323102321
Convert -130101020011 (base 4) to base 13.
-16c5b2c
What is 1854549 (base 11) in base 10?
3139156
Convert 2a5b2 (base 12) to base 14.
17a18
-10e (base 15) to base 5
-1424
What is 74a45e (base 15) in base 9?
11403078
Convert -51354 (base 12) to base 6.
-2134144
-2336 (base 11) to base 5
-44224
Convert 1034442 (base 7) to base 14.
34122
-12200100110 (base 3) to base 16
-1b4b0
1cc67 (base 15) to base 10
93922
What is -252901 (base 12) in base 11?
-384408
-111111010101011100 (base 2) to bas